{"id":342,"date":"2016-01-05T14:58:25","date_gmt":"2016-01-05T14:58:25","guid":{"rendered":"http:\/\/rabelais32.org\/?page_id=342"},"modified":"2023-01-23T21:42:52","modified_gmt":"2023-01-23T20:42:52","slug":"randonnees-montagne","status":"publish","type":"page","link":"https:\/\/www.rabelais32.org\/index.php\/activites\/sport-et-decouvertes\/randonnees-montagne\/","title":{"rendered":"Rando-montagne : programmes"},"content":{"rendered":"<div>\u00a0Souvent il suffit d\u2019ouvrir la fen\u00eatre pour que la cha\u00eene des Pyr\u00e9n\u00e9es se d\u00e9ploie devant nous, sans que rien n\u2019arr\u00eate le regard, comment ne pas \u00eatre tent\u00e9 de prendre son sac et son b\u00e2ton, et\u00a0 de partir! Pour r\u00e9pondre \u00e0 cet appel, le groupe montagne organise une sortie par mois, deux, si le temps le permet. Nous avons retenu trois vall\u00e9es, les plus proches d\u2019Auch :<\/div>\n<p>AURE, CAMPAN et LUCHON<\/p>\n<p>Les ressources sont immenses : nous pouvons faire l\u2019ascension de petits sommets, p\u00e9n\u00e9trer dans les vallons secrets, suivre les torrents fougueux ou les paisibles rivi\u00e8res; traverser les h\u00eatraies sous la neige, d\u00e9couvrir le patrimoine b\u00e2ti des villages, parler avec les gens du Pays, apprendre \u00e0 reconna\u00eetre quelques plantes, \u00e0 observer ces as du vol que sont les vautours\u2026 D\u00e8s que l\u2019on prend un peu de hauteur, la r\u00e9compense est l\u00e0. Il faut simplement regarder, sentir, \u00e9couter et \u00eatre un peu curieux. Ah ! Les Pyr\u00e9n\u00e9es ! combien de po\u00e8tes, de musiciens, elles ont inspir\u00e9s !<\/p>\n<div class=\"\"><span style=\"color: #0000ff;\"><strong><strong class=\"\"><em class=\"\">\u00a0<\/em><\/strong><\/strong><\/span><\/div>\n<div><\/div>\n<div><\/div>\n<div><a href=\"https:\/\/www.rabelais32.org\/wp-content\/uploads\/2018\/06\/20180626_133925-e1530360043893.jpg\" target=\"_blank\" rel=\"noopener noreferrer\"><img loading=\"lazy\" decoding=\"async\" class=\"wp-image-6069 aligncenter\" src=\"https:\/\/www.rabelais32.org\/wp-content\/uploads\/2018\/06\/20180626_133925-e1530360043893-300x225.jpg\" alt=\"\" width=\"253\" height=\"190\" srcset=\"https:\/\/www.rabelais32.org\/wp-content\/uploads\/2018\/06\/20180626_133925-e1530360043893-300x225.jpg 300w, https:\/\/www.rabelais32.org\/wp-content\/uploads\/2018\/06\/20180626_133925-e1530360043893-768x576.jpg 768w, https:\/\/www.rabelais32.org\/wp-content\/uploads\/2018\/06\/20180626_133925-e1530360043893.jpg 1024w\" sizes=\"auto, (max-width: 253px) 100vw, 253px\" \/><\/a><span style=\"color: #993300;\"><em><strong>Randonn\u00e9es-montagne 2022-2023 :<\/strong><\/em><\/span><\/div>\n<div><\/div>\n<div><strong>S\u00e9jour raquettes \u00e0 Sainte Marie de Campan du 27 au 29 janvier 2023 <a href=\"https:\/\/www.rabelais32.org\/wp-content\/uploads\/2023\/01\/Raquettes-a-neige-dans-le-vallon-de-Loriaz-au-dessus-de-Vallorcine-1024x680-1.jpg\" target=\"_blank\" rel=\"noopener noreferrer\"><img loading=\"lazy\" decoding=\"async\" class=\" wp-image-12570 alignleft\" src=\"https:\/\/www.rabelais32.org\/wp-content\/uploads\/2023\/01\/Raquettes-a-neige-dans-le-vallon-de-Loriaz-au-dessus-de-Vallorcine-1024x680-1-300x279.jpg\" alt=\"\" width=\"148\" height=\"137\" srcset=\"https:\/\/www.rabelais32.org\/wp-content\/uploads\/2023\/01\/Raquettes-a-neige-dans-le-vallon-de-Loriaz-au-dessus-de-Vallorcine-1024x680-1-300x279.jpg 300w, https:\/\/www.rabelais32.org\/wp-content\/uploads\/2023\/01\/Raquettes-a-neige-dans-le-vallon-de-Loriaz-au-dessus-de-Vallorcine-1024x680-1.jpg 731w\" sizes=\"auto, (max-width: 148px) 100vw, 148px\" \/><\/a><br \/>\n<\/strong><\/div>\n<div><\/div>\n<div><\/div>\n<div><\/div>\n<div><\/div>\n<div><\/div>\n<div><\/div>\n<div><\/div>\n<div class=\"\" style=\"text-align: left;\"><span style=\"color: #800000;\"><em><strong>Randonn\u00e9es-montagne 2021-2022 :<br \/>\n<\/strong><\/em><\/span><\/div>\n<div><\/div>\n<div><span style=\"color: #cc99ff;\"><em><strong>Programme pr\u00e9visionnel des s\u00e9jours 2022 randonn\u00e9e montagne :\u00a0 <\/strong><\/em><\/span><\/div>\n<div><\/div>\n<div>\n<p><strong>S\u00e9jour raquettes au Mourtis : programme : <a href=\"https:\/\/www.rabelais32.org\/wp-content\/uploads\/2022\/01\/Devis-et-programme-le-Mourtis.pdf\" target=\"_blank\" rel=\"noopener noreferrer\">ICI<\/a><br \/>\n<\/strong><\/p>\n<p><strong>S\u00e9jour en Cerdagne : programme : <a href=\"https:\/\/www.rabelais32.org\/wp-content\/uploads\/2022\/01\/Programme-cerdagne.pdf\" target=\"_blank\" rel=\"noopener noreferrer\">ICI \u00a0\u00a0 <\/a>; Tarif : <a href=\"https:\/\/www.rabelais32.org\/wp-content\/uploads\/2022\/01\/Devis-MONT-LOUIS-CERDAGNE-3.pdf\" target=\"_blank\" rel=\"noopener noreferrer\">ICI<\/a><\/strong><\/p>\n<p><strong>S\u00e9jour au Rougier de Camar\u00e8s : programme : <a href=\"https:\/\/www.rabelais32.org\/wp-content\/uploads\/2021\/12\/Programme-le-Rougier-de-Camares-2.pdf\" target=\"_blank\" rel=\"noopener noreferrer\">ICI<\/a><\/strong><\/p>\n<p><strong>S\u00e9jour en Aragon : Programme : <a href=\"https:\/\/www.rabelais32.org\/wp-content\/uploads\/2022\/07\/Programme.pdf\" target=\"_blank\" rel=\"noopener noreferrer\">Page 1<\/a> ; <a href=\"https:\/\/www.rabelais32.org\/wp-content\/uploads\/2022\/07\/Suite-programme.pdf\" target=\"_blank\" rel=\"noopener noreferrer\">page 2<\/a><br \/>\n<\/strong><\/p>\n<\/div>\n<div>\n<hr \/>\n<p><span style=\"color: #008000;\"><strong><em class=\"\">\u00ab \u00a0Les sorties mensuelles\u00a0\u00bb \u00a0 ont lieu \u00a0sous couvert de la 2FOPEN , avec l\u2019accompagnement de Bernard Cournet .<br \/>\n<\/em><\/strong><\/span><\/p>\n<\/div>\n<div>\n<div><span style=\"color: #008000;\"><strong><em class=\"\">La licence-assurance 2FOPEN doit \u00eatre \u00e0 jour .<\/em><\/strong><\/span><\/div>\n<\/div>\n<div><\/div>\n<div><strong>\u00a0 <a href=\"https:\/\/www.rabelais32.org\/wp-content\/uploads\/2019\/09\/17850-cascade-gavarnie-cirque.jpg\"><img loading=\"lazy\" decoding=\"async\" class=\"size-medium wp-image-7688 aligncenter\" src=\"https:\/\/www.rabelais32.org\/wp-content\/uploads\/2019\/09\/17850-cascade-gavarnie-cirque-300x163.jpg\" alt=\"\" width=\"300\" height=\"163\" srcset=\"https:\/\/www.rabelais32.org\/wp-content\/uploads\/2019\/09\/17850-cascade-gavarnie-cirque-300x163.jpg 300w, https:\/\/www.rabelais32.org\/wp-content\/uploads\/2019\/09\/17850-cascade-gavarnie-cirque-768x416.jpg 768w, https:\/\/www.rabelais32.org\/wp-content\/uploads\/2019\/09\/17850-cascade-gavarnie-cirque-1024x555.jpg 1024w, https:\/\/www.rabelais32.org\/wp-content\/uploads\/2019\/09\/17850-cascade-gavarnie-cirque.jpg 1200w\" sizes=\"auto, (max-width: 300px) 100vw, 300px\" \/><\/a><\/strong><\/div>\n<div><\/div>\n<div><\/div>\n<div><\/div>\n<div><\/div>\n<div><\/div>\n<div><\/div>\n<div><\/div>\n<div><\/div>\n<div><\/div>\n<div><\/div>\n<div><\/div>\n<div><\/div>\n<div><\/div>\n<div><\/div>\n<div class=\"\"><span style=\"color: #800000;\"><em><strong>Programme des randonn\u00e9es-montagnes 2018-2019 :<\/strong><\/em><\/span><\/div>\n<div>\n<hr \/>\n<\/div>\n<p><strong><span style=\"color: #ff6600;\">Programme non d\u00e9taill\u00e9 des randonn\u00e9es-montagne 2\u00e8me trimestre 2019 : <a href=\"https:\/\/www.rabelais32.org\/wp-content\/uploads\/2019\/04\/Sorties-Montagne.-docx.pdf\" target=\"_blank\" rel=\"noopener noreferrer\">ICI<\/a><\/span><br \/>\n<\/strong><\/p>\n<p><span style=\"color: #0000ff;\"><strong>Programme non d\u00e9taill\u00e9 des randonn\u00e9es-montagne 4\u00e8me trimestre 2018<\/strong> <\/span>: <a href=\"https:\/\/www.rabelais32.org\/wp-content\/uploads\/2018\/09\/Sorties-montagne-4\u00e8me-trimestre-2018-revues.pdf\" target=\"_blank\" rel=\"noopener noreferrer\"><strong>ICI<\/strong><\/a><\/p>\n<hr \/>\n<p><strong>Le s\u00e9jour dans les Encantats est arr\u00eat\u00e9 aux 24, 25, 26 juin 2019 : programme :<a href=\"https:\/\/www.rabelais32.org\/wp-content\/uploads\/2018\/10\/Se\u0301jour-dans-Les-Encantats.pdf\" target=\"_blank\" rel=\"noopener noreferrer\"> ICI<\/a><\/strong><\/p>\n<header><\/header>\n<div class=\"entry-content\">\n<p><span style=\"color: #008000;\"><strong>\u00a0<\/strong><\/span><\/p>\n<p>&nbsp;<\/p>\n<p><span style=\"color: #800000;\"><em><strong>Programme des randonn\u00e9es-montagne 2017-2018 :<\/strong><\/em><\/span> <strong><a href=\"https:\/\/www.rabelais32.org\/wp-content\/uploads\/2018\/01\/SORTIES-Montagne-2017-2018.pdf\" target=\"_blank\" rel=\"noopener noreferrer\">ICI<\/a> <\/strong><\/p>\n<p><strong>Sortie du 13 novembre 2017 :<\/strong> <strong>le Liset de la Hount Blanque<\/strong> : <strong>programme :<\/strong> <strong><a href=\"https:\/\/www.rabelais32.org\/wp-content\/uploads\/2017\/10\/Sortie-le-liset-de-la-hount-blanque.pdf\" target=\"_blank\" rel=\"noopener noreferrer\">ICI <\/a><\/strong><\/p>\n<p><strong>S\u00e9jour raquettes du 6 au 8 mars 2018<\/strong> : <strong>programme<\/strong> : <a href=\"https:\/\/www.rabelais32.org\/wp-content\/uploads\/2018\/01\/S\u00e9jour-\u2013-raquettes-dans-le-val-d\u2019AZUN.pdf\" target=\"_blank\" rel=\"noopener noreferrer\"><strong>ICI<\/strong><\/a><\/p>\n<p><strong>S\u00e9jour montagne \u00e0 Luz Saint Sauveur du 25 au 28 juin 2018 : programme : <a href=\"https:\/\/www.rabelais32.org\/wp-content\/uploads\/2018\/06\/Luz-saint-sauveur-revu.pdf\" target=\"_blank\" rel=\"noopener noreferrer\">ICI<\/a><\/strong><\/p>\n<p>&nbsp;<\/p>\n<p><strong><em><span style=\"color: #800000;\">Programme des randonn\u00e9es-montagne 2016-2017 <\/span><\/em>:<\/strong>.<a href=\"http:\/\/www.rabelais32.org\/wp-content\/uploads\/2016\/09\/programme-randonnee-montagne-2017.pdf\" target=\"_blank\" rel=\"noopener noreferrer\"><strong>ICI<\/strong><\/a><\/p>\n<p><b>Du 27 au 30 juin:<\/b><\/p>\n<div>\n<p><b>3 jours autour de Font <\/b><b>Romeu<\/b><b>. <\/b><\/p>\n<p><b>Lacs du Carlit, vall\u00e9e d\u2019<\/b><b>Eyne<\/b><b>, <\/b><b>Dorres<\/b><b> et ses bains de plein air. <\/b><strong>Programme :<\/strong> <a href=\"https:\/\/www.rabelais32.org\/wp-content\/uploads\/2017\/01\/Randonn%C3%A9e-%C3%A0-FONT-ROMEU.pdf\" target=\"_blank\" rel=\"noopener noreferrer\">I<strong>CI<\/strong><\/a><\/p>\n<\/div>\n<p>&nbsp;<\/p>\n<\/div>\n","protected":false},"excerpt":{"rendered":"<p>\u00a0Souvent il suffit d\u2019ouvrir la fen\u00eatre pour que la cha\u00eene des Pyr\u00e9n\u00e9es se d\u00e9ploie devant nous, sans que rien n\u2019arr\u00eate le regard, comment ne pas \u00eatre tent\u00e9 de prendre son sac et son b\u00e2ton, et\u00a0 de partir! Pour r\u00e9pondre \u00e0 &hellip; <a href=\"https:\/\/www.rabelais32.org\/index.php\/activites\/sport-et-decouvertes\/randonnees-montagne\/\">Lire la suite\u00ad\u00ad<\/a><\/p>\n","protected":false},"author":1,"featured_media":1471,"parent":9,"menu_order":0,"comment_status":"closed","ping_status":"closed","template":"","meta":{"footnotes":""},"class_list":["post-342","page","type-page","status-publish","has-post-thumbnail","hentry"],"_links":{"self":[{"href":"https:\/\/www.rabelais32.org\/index.php\/wp-json\/wp\/v2\/pages\/342","targetHints":{"allow":["GET"]}}],"collection":[{"href":"https:\/\/www.rabelais32.org\/index.php\/wp-json\/wp\/v2\/pages"}],"about":[{"href":"https:\/\/www.rabelais32.org\/index.php\/wp-json\/wp\/v2\/types\/page"}],"author":[{"embeddable":true,"href":"https:\/\/www.rabelais32.org\/index.php\/wp-json\/wp\/v2\/users\/1"}],"replies":[{"embeddable":true,"href":"https:\/\/www.rabelais32.org\/index.php\/wp-json\/wp\/v2\/comments?post=342"}],"version-history":[{"count":100,"href":"https:\/\/www.rabelais32.org\/index.php\/wp-json\/wp\/v2\/pages\/342\/revisions"}],"predecessor-version":[{"id":12571,"href":"https:\/\/www.rabelais32.org\/index.php\/wp-json\/wp\/v2\/pages\/342\/revisions\/12571"}],"up":[{"embeddable":true,"href":"https:\/\/www.rabelais32.org\/index.php\/wp-json\/wp\/v2\/pages\/9"}],"wp:featuredmedia":[{"embeddable":true,"href":"https:\/\/www.rabelais32.org\/index.php\/wp-json\/wp\/v2\/media\/1471"}],"wp:attachment":[{"href":"https:\/\/www.rabelais32.org\/index.php\/wp-json\/wp\/v2\/media?parent=342"}],"curies":[{"name":"wp","href":"https:\/\/api.w.org\/{rel}","templated":true}]}}